{"id":500,"date":"2016-09-28T19:43:09","date_gmt":"2016-09-29T01:43:09","guid":{"rendered":"http:\/\/comext.minec.gob.sv\/cafta\/?page_id=500"},"modified":"2018-02-02T13:30:58","modified_gmt":"2018-02-02T19:30:58","slug":"guia-para-pymes","status":"publish","type":"page","link":"https:\/\/infotrade.economia.gob.sv\/cafta\/material-didactico\/guia-para-pymes\/","title":{"rendered":"Gu\u00eda para PYMES"},"content":{"rendered":"<div id=\"pl-500\"  class=\"panel-layout\" ><div id=\"pg-500-0\"  class=\"panel-grid panel-no-style\" ><div id=\"pgc-500-0-0\"  class=\"panel-grid-cell\" ><div id=\"panel-500-0-0-0\" class=\"so-panel widget widget_sow-image panel-first-child\" data-index=\"0\" ><div class=\"so-widget-sow-image so-widget-sow-image-default-17bc2272b535-500\">\n\n<div class=\"sow-image-container\">\n\t\t\t<a\n\t\t\thref=\"\/cafta\/wp-content\/uploads\/sites\/3\/Gui\u0301a-CAFTA-DR.pdf\"\n\t\t\ttarget=\"_blank\" rel=\"noopener noreferrer\" \t\t>\n\t\t\t<img decoding=\"async\" src=\"https:\/\/infotrade.economia.gob.sv\/cafta\/wp-content\/uploads\/sites\/3\/guia_pymes.png\" width=\"430\" height=\"636\" srcset=\"https:\/\/infotrade.economia.gob.sv\/cafta\/wp-content\/uploads\/sites\/3\/guia_pymes.png 430w, https:\/\/infotrade.economia.gob.sv\/cafta\/wp-content\/uploads\/sites\/3\/guia_pymes-203x300.png 203w\" sizes=\"auto, (max-width: 430px) 100vw, 430px\" alt=\"\" loading=\"lazy\" \t\tclass=\"so-widget-image\"\/>\n\t<\/a><\/div>\n\n<\/div><\/div><div id=\"panel-500-0-0-1\" class=\"so-panel widget widget_sow-editor\" data-index=\"1\" ><div class=\"so-widget-sow-editor so-widget-sow-editor-base\">\n<div class=\"siteorigin-widget-tinymce textwidget\">\n\t<h4>Gu\u00eda b\u00e1sica para la utilizaci\u00f3n y aprovechamiento del Tratado de Libre Comercio entre Centroam\u00e9rica, Rep\u00fablica Dominicana y Estados Unidos (CAFTA - DR)<\/h4>\n<\/div>\n<\/div><\/div><div id=\"panel-500-0-0-2\" class=\"so-panel widget widget_sow-button panel-last-child\" data-index=\"2\" ><div class=\"panel-widget-style panel-widget-style-for-500-0-0-2\" ><div class=\"so-widget-sow-button so-widget-sow-button-flat-346ca7464784-500\"><div class=\"ow-button-base ow-button-align-center\">\n\t<a href=\"http:\/\/infotrade.economia.gob.sv\/wp-content\/uploads\/Gui\u0301a-CAFTA-DR.pdf\" class=\"ow-icon-placement-left ow-button-hover\" target=\"_blank\" rel=\"noopener noreferrer\" \t\t>\n\t\t<span>\n\t\t\t<span class=\"sow-icon-fontawesome sow-fas\" data-sow-icon=\"&#xf101;\"\n\t\t ><\/span>\n\t\t\tConsultar\t\t<\/span>\n\t<\/a>\n<\/div>\n<\/div><\/div><\/div><\/div><\/div><\/div>","protected":false},"excerpt":{"rendered":"<p>Gu\u00eda b\u00e1sica para la utilizaci\u00f3n y aprovechamiento del Tratado de Libre Comercio entre Centroam\u00e9rica, Rep\u00fablica Dominicana y Estados Unidos (CAFTA &#8211; DR)<\/p>\n","protected":false},"author":13,"featured_media":0,"parent":19,"menu_order":0,"comment_status":"closed","ping_status":"closed","template":"page-treaty","meta":{"footnotes":""},"class_list":["post-500","page","type-page","status-publish","hentry"],"_links":{"self":[{"href":"https:\/\/infotrade.economia.gob.sv\/cafta\/wp-json\/wp\/v2\/pages\/500","targetHints":{"allow":["GET"]}}],"collection":[{"href":"https:\/\/infotrade.economia.gob.sv\/cafta\/wp-json\/wp\/v2\/pages"}],"about":[{"href":"https:\/\/infotrade.economia.gob.sv\/cafta\/wp-json\/wp\/v2\/types\/page"}],"author":[{"embeddable":true,"href":"https:\/\/infotrade.economia.gob.sv\/cafta\/wp-json\/wp\/v2\/users\/13"}],"replies":[{"embeddable":true,"href":"https:\/\/infotrade.economia.gob.sv\/cafta\/wp-json\/wp\/v2\/comments?post=500"}],"version-history":[{"count":10,"href":"https:\/\/infotrade.economia.gob.sv\/cafta\/wp-json\/wp\/v2\/pages\/500\/revisions"}],"predecessor-version":[{"id":960,"href":"https:\/\/infotrade.economia.gob.sv\/cafta\/wp-json\/wp\/v2\/pages\/500\/revisions\/960"}],"up":[{"embeddable":true,"href":"https:\/\/infotrade.economia.gob.sv\/cafta\/wp-json\/wp\/v2\/pages\/19"}],"wp:attachment":[{"href":"https:\/\/infotrade.economia.gob.sv\/cafta\/wp-json\/wp\/v2\/media?parent=500"}],"curies":[{"name":"wp","href":"https:\/\/api.w.org\/{rel}","templated":true}]}}