{"id":98,"date":"2017-01-19T15:14:56","date_gmt":"2017-01-19T21:14:56","guid":{"rendered":"http:\/\/comext.minec.gob.sv\/colombia\/?page_id=98"},"modified":"2024-01-03T16:29:21","modified_gmt":"2024-01-03T22:29:21","slug":"programa-de-desgravacion","status":"publish","type":"page","link":"https:\/\/infotrade.economia.gob.sv\/colombia\/administracion-del-acuerdo\/programa-de-desgravacion\/","title":{"rendered":"Programa de Desgravaci\u00f3n"},"content":{"rendered":"<p>Esta secci\u00f3n contiene el Programa de Desgravaci\u00f3n Arancelaria (PDA) del Tratado de Libre Comercio entre Colombia y los pa\u00edses del Triangulo Norte, aplicado por El Salvador durante el a\u00f1o 2021.<\/p>\n<p>En caso tenga consultas sobre el PDA, puede ponerse en contacto con la oficina responsable:<\/p>\n<p>DIRECCI\u00d3N DE ADMINISTRACI\u00d3N DE TRATADOS COMERCIALES Direcci\u00f3n: Alameda Juan Pablo II y Calle Guadalupe Edificio C1-C2, Centro de Gobierno, San Salvador, El Salvador. Tel\u00e9fonos: (+503) 2590-5788 y (+503) 2590-5790 Email: <a href=\"mailto:datco@minec.gob.sv\">datco@minec.gob.sv<\/a><\/p>\n<p>Para descargar el Programa de Desgravaci\u00f3n Arancelaria para Colombia, haga click sobre \u201c<strong>Descargar<\/strong>\u201d<\/p>\n<h3><a href=\"http:\/\/infotrade.economia.gob.sv\/colombia\/wp-content\/uploads\/sites\/8\/2021\/02\/PDA-2021-TLC-COLOMBIA.pdf\" target=\"_blank\" rel=\"noopener\">Descargar PDA 2021<\/a><\/h3>\n<h3><a href=\"\/colombia\/wp-content\/uploads\/sites\/8\/2022\/06\/PDA-Colombia-2022.pdf\" target=\"_blank\" rel=\"noopener\">Descargar PDA 2022<\/a><\/h3>\n<h3><a href=\"http:\/\/infotrade.economia.gob.sv\/colombia\/wp-content\/uploads\/sites\/8\/2023\/01\/PDA-Colombia-2023.pdf\" target=\"_blank\" rel=\"noopener\">Descargar PDA 2023<\/a><\/h3>\n<h3><a href=\"http:\/\/infotrade.economia.gob.sv\/colombia\/wp-content\/uploads\/sites\/8\/2024\/01\/PDA-Colombia-2024.pdf\">Descargar PDA 2024<\/a><\/h3>\n","protected":false},"excerpt":{"rendered":"<p>Esta secci\u00f3n contiene el Programa de Desgravaci\u00f3n Arancelaria (PDA) del Tratado de Libre Comercio entre Colombia y los pa\u00edses del Triangulo Norte, aplicado por El Salvador durante el a\u00f1o 2021. En caso tenga consultas sobre el PDA, puede ponerse en contacto con la oficina responsable: DIRECCI\u00d3N DE ADMINISTRACI\u00d3N DE TRATADOS COMERCIALES Direcci\u00f3n: Alameda Juan Pablo [&hellip;]<\/p>\n","protected":false},"author":8,"featured_media":0,"parent":13,"menu_order":0,"comment_status":"closed","ping_status":"closed","template":"page-treaty","meta":{"footnotes":""},"class_list":["post-98","page","type-page","status-publish","hentry"],"_links":{"self":[{"href":"https:\/\/infotrade.economia.gob.sv\/colombia\/wp-json\/wp\/v2\/pages\/98","targetHints":{"allow":["GET"]}}],"collection":[{"href":"https:\/\/infotrade.economia.gob.sv\/colombia\/wp-json\/wp\/v2\/pages"}],"about":[{"href":"https:\/\/infotrade.economia.gob.sv\/colombia\/wp-json\/wp\/v2\/types\/page"}],"author":[{"embeddable":true,"href":"https:\/\/infotrade.economia.gob.sv\/colombia\/wp-json\/wp\/v2\/users\/8"}],"replies":[{"embeddable":true,"href":"https:\/\/infotrade.economia.gob.sv\/colombia\/wp-json\/wp\/v2\/comments?post=98"}],"version-history":[{"count":12,"href":"https:\/\/infotrade.economia.gob.sv\/colombia\/wp-json\/wp\/v2\/pages\/98\/revisions"}],"predecessor-version":[{"id":189,"href":"https:\/\/infotrade.economia.gob.sv\/colombia\/wp-json\/wp\/v2\/pages\/98\/revisions\/189"}],"up":[{"embeddable":true,"href":"https:\/\/infotrade.economia.gob.sv\/colombia\/wp-json\/wp\/v2\/pages\/13"}],"wp:attachment":[{"href":"https:\/\/infotrade.economia.gob.sv\/colombia\/wp-json\/wp\/v2\/media?parent=98"}],"curies":[{"name":"wp","href":"https:\/\/api.w.org\/{rel}","templated":true}]}}