{"id":175,"date":"2022-07-28T09:46:19","date_gmt":"2022-07-28T15:46:19","guid":{"rendered":"http:\/\/infotrade.economia.gob.sv\/republica-dominicana\/?page_id=175"},"modified":"2022-07-28T09:48:08","modified_gmt":"2022-07-28T15:48:08","slug":"documentos-de-origen-rd","status":"publish","type":"page","link":"https:\/\/infotrade.economia.gob.sv\/republica-dominicana\/documentos-de-origen-rd\/","title":{"rendered":"Documentos de origen (RD)"},"content":{"rendered":"<p>Para que un importador solicite el trato arancelario preferencial deber\u00e1 presentar un certificado de origen, el cual se encuentra establecido en el Art\u00edculo 4.21 del Cap\u00edtulo 4 \u201cReglas de Origen\u201d del texto del Tratado.<\/p>\n<p>El referido art\u00edculo dispone que el certificado de origen puede ser emitido por el exportador o productor. En caso de que el productor no sea quien emita el certificado de origen el exportador podr\u00e1 solicitarle una declaraci\u00f3n de origen al productor a fin de emitir el certificado de exportaci\u00f3n.<\/p>\n<p>\u00a0<\/p>\n\n\n<figure class=\"wp-block-table is-style-stripes\"><table><tbody><tr><td><strong>Documentos<\/strong><\/td><td><\/td><\/tr><tr><td>Certificado de origen e instructivo de llenado TLC Rep\u00fablica Dominicana-Centroam\u00e9rica<\/td><td><a href=\"\/republica-dominicana\/wp-content\/uploads\/sites\/5\/2022\/07\/Certificado-de-origen-e-Instructivo-de-llenado-TLC-CA-Republica-Dominicana-y-Estados-Unidos..pdf\" target=\"_blank\" rel=\"noopener\">Descargar<\/a><\/td><\/tr><\/tbody><\/table><\/figure>\n","protected":false},"excerpt":{"rendered":"<p>Para que un importador solicite el trato arancelario preferencial deber\u00e1 presentar un certificado de origen, el cual se encuentra establecido en el Art\u00edculo 4.21 del Cap\u00edtulo 4 \u201cReglas de Origen\u201d del texto del Tratado. El referido art\u00edculo dispone que el certificado de origen puede ser emitido por el exportador o productor. En caso de que [&hellip;]<\/p>\n","protected":false},"author":20,"featured_media":0,"parent":0,"menu_order":0,"comment_status":"closed","ping_status":"closed","template":"page-treaty","meta":{"footnotes":""},"class_list":["post-175","page","type-page","status-publish","hentry"],"_links":{"self":[{"href":"https:\/\/infotrade.economia.gob.sv\/republica-dominicana\/wp-json\/wp\/v2\/pages\/175","targetHints":{"allow":["GET"]}}],"collection":[{"href":"https:\/\/infotrade.economia.gob.sv\/republica-dominicana\/wp-json\/wp\/v2\/pages"}],"about":[{"href":"https:\/\/infotrade.economia.gob.sv\/republica-dominicana\/wp-json\/wp\/v2\/types\/page"}],"author":[{"embeddable":true,"href":"https:\/\/infotrade.economia.gob.sv\/republica-dominicana\/wp-json\/wp\/v2\/users\/20"}],"replies":[{"embeddable":true,"href":"https:\/\/infotrade.economia.gob.sv\/republica-dominicana\/wp-json\/wp\/v2\/comments?post=175"}],"version-history":[{"count":4,"href":"https:\/\/infotrade.economia.gob.sv\/republica-dominicana\/wp-json\/wp\/v2\/pages\/175\/revisions"}],"predecessor-version":[{"id":181,"href":"https:\/\/infotrade.economia.gob.sv\/republica-dominicana\/wp-json\/wp\/v2\/pages\/175\/revisions\/181"}],"wp:attachment":[{"href":"https:\/\/infotrade.economia.gob.sv\/republica-dominicana\/wp-json\/wp\/v2\/media?parent=175"}],"curies":[{"name":"wp","href":"https:\/\/api.w.org\/{rel}","templated":true}]}}